{"id":344,"date":"2017-12-06T23:31:19","date_gmt":"2017-12-06T22:31:19","guid":{"rendered":"http:\/\/tobias-mayer-museum.de\/?page_id=344"},"modified":"2026-04-07T15:37:40","modified_gmt":"2026-04-07T13:37:40","slug":"links-zu-relevanten-webseiten","status":"publish","type":"page","link":"https:\/\/tobias-mayer-museum.de\/?page_id=344","title":{"rendered":"Kooperationen"},"content":{"rendered":"\n<p class=\"has-large-font-size\"><strong>Tobias Mayer Classic<\/strong><\/p>\n\n\n\n<figure class=\"wp-block-image size-full is-resized\"><img loading=\"lazy\" decoding=\"async\" width=\"890\" height=\"406\" src=\"https:\/\/tobias-mayer-museum.de\/wp-content\/uploads\/2024\/11\/TMC.jpg\" alt=\"\" class=\"wp-image-7139\" style=\"width:871px;height:auto\" srcset=\"https:\/\/tobias-mayer-museum.de\/wp-content\/uploads\/2024\/11\/TMC.jpg 890w, https:\/\/tobias-mayer-museum.de\/wp-content\/uploads\/2024\/11\/TMC-400x182.jpg 400w, https:\/\/tobias-mayer-museum.de\/wp-content\/uploads\/2024\/11\/TMC-250x114.jpg 250w, https:\/\/tobias-mayer-museum.de\/wp-content\/uploads\/2024\/11\/TMC-768x350.jpg 768w\" sizes=\"auto, (max-width: 890px) 100vw, 890px\" \/><\/figure>\n\n\n\n<p><a rel=\"noreferrer noopener\" href=\"http:\/\/www.tobias-mayer-classic.de\" target=\"_blank\">www.tobias-mayer-classic.de<\/a><\/p>\n\n\n\n<h2 class=\"wp-block-heading\">Unsere Kooperationspartner<\/h2>\n\n\n\n<p><a href=\"http:\/\/www.schillerstadt-marbach.de\" target=\"_blank\" rel=\"noreferrer noopener\">Schillerstadt Marbach<\/a><\/p>\n\n\n\n<p><a href=\"https:\/\/www.weingaertner-marbach.de\" target=\"_blank\" rel=\"noreferrer noopener\">Weing\u00e4rtner Marbach<\/a><\/p>\n\n\n\n<p><a href=\"https:\/\/www.tuktukmarbach.de\/\">Tuk Tuk Tours Marbach<\/a><\/p>\n\n\n\n<p><a href=\"https:\/\/www.theater-dauseck.de\" target=\"_blank\" rel=\"noreferrer noopener\">Theater unter der Dauseck<\/a><\/p>\n\n\n\n<p><a href=\"https:\/\/www.marbach-bottwartal.de\/\" target=\"_blank\" rel=\"noreferrer noopener\">Tourismusgemeinschaft Marbach Bottwartal<\/a><\/p>\n\n\n\n<p><a href=\"https:\/\/www.weinwege-wuerttemberg.de\" target=\"_blank\" rel=\"noreferrer noopener\">Weinwege Wuerttemberg<\/a><\/p>\n\n\n\n<p><a href=\"https:\/\/www.vhs-ludwigsburg.de\" target=\"_blank\" rel=\"noreferrer noopener\">vhs &#8211; Volkshochschule Ludwigsburg<\/a><\/p>\n\n\n\n<p><strong>Freizeitf\u00fchrer f\u00fcr Gro\u00dfeltern und ihre Enkel<\/strong>       <a href=\"https:\/\/www.stadtlandenkel.de\">https:\/\/www.stadtlandenkel.de<\/a> <\/p>\n\n\n\n<p class=\"has-large-font-size\"><strong>Museumsquartier Altstadt Marbach<\/strong><\/p>\n\n\n\n<figure class=\"wp-block-image size-full is-resized\"><a href=\"https:\/\/www.mq-altstadt-marbach.de\/\" target=\"_blank\" rel=\"noreferrer noopener\"><img loading=\"lazy\" decoding=\"async\" width=\"303\" height=\"149\" src=\"https:\/\/tobias-mayer-museum.de\/wp-content\/uploads\/2024\/11\/MQ_Logo_quer_4c.png\" alt=\"\" class=\"wp-image-7132\" style=\"width:254px;height:auto\" srcset=\"https:\/\/tobias-mayer-museum.de\/wp-content\/uploads\/2024\/11\/MQ_Logo_quer_4c.png 303w, https:\/\/tobias-mayer-museum.de\/wp-content\/uploads\/2024\/11\/MQ_Logo_quer_4c-250x123.png 250w\" sizes=\"auto, (max-width: 303px) 100vw, 303px\" \/><\/a><\/figure>\n\n\n\n<p><a href=\"https:\/\/www.schillersgeburtshaus.de\">Schillers Geburtshaus<\/a><\/p>\n\n\n\n<p><a href=\"https:\/\/www.fritz-genkinger-kunsthaus.de\/\">Fritz Genkinger Kunsthaus<\/a><\/p>\n\n\n\n<p><a href=\"https:\/\/www.schillerstadt-marbach.de\/touristik-kultur\/literaturundmuseen-mehralsschiller\/museumsquartier\/oelmuehle-jaeger\/\">\u00d6lm\u00fchle J\u00e4ger<\/a><\/p>\n\n\n\n<p><a href=\"https:\/\/www.schillerstadt-marbach.de\/touristik-kultur\/literaturundmuseen-mehralsschiller\/museumsquartier\/oberer-torturm\/\">Oberer Torturm<\/a><\/p>\n\n\n\n<p><a href=\"https:\/\/tobias-mayer-museum.de\">Tobias Mayer Museum<\/a><\/p>\n\n\n\n<p class=\"has-large-font-size\"><strong>Erweiterung des Tobias Mayer Museums in Marbach<\/strong><\/p>\n\n\n\n<p>Von Thomas Wieckhorst, Chefredakteur der Zeitschrift \u201eBauhandwerk\u201c, Ausgabe 04\/2020<\/p>\n\n\n\n<figure class=\"wp-block-image size-large is-resized\"><img decoding=\"async\" src=\"https:\/\/tobias-mayer-museum.de\/wp-content\/uploads\/2020\/03\/Verschalung-1024x768.jpg\" alt=\"\" class=\"wp-image-4449\" style=\"width:872px;height:auto\"\/><figcaption class=\"wp-element-caption\"><a href=\"https:\/\/www.bauhandwerk.de\/artikel\/bhw_Erweiterung_des_Tobias_Mayer_Museums_in_Marbach_3514139.html?fbclid=IwAR3HwjXIRSGuMLxTAOmCMFmCO-HZ4dnljsNXraz8DvmAsUt6_fSdyuAmyjA\" target=\"_blank\" rel=\"noreferrer noopener\">https:\/\/www.bauhandwerk.de\/artikel\/bhw_Erweiterung_des_Tobias_Mayer_Museums_in_Marbach_3514139.html?fbclid=IwAR3HwjXIRSGuMLxTAOmCMFmCO-HZ4dnljsNXraz8DvmAsUt6_fSdyuAmyjA<\/a><\/figcaption><\/figure>\n\n\n\n<p class=\"has-large-font-size\"><strong>Interessante Beitr\u00e4ge mit Bezug zu Tobias Mayers Leben und Wirken<\/strong><\/p>\n\n\n<div class=\"wp-block-image\">\n<figure class=\"aligncenter is-resized\"><img decoding=\"async\" src=\"https:\/\/img.br.de\/0dac46ea-dcb0-413b-9b1e-44a44bbf6524.png?q=100&amp;w=400&amp;h=225\" alt=\"Heike Westram\" style=\"width:414px;height:412px\"\/><figcaption class=\"wp-element-caption\"> <strong> Bayrischer Rundfunk BR24: Nachrichten aus dem All &#8211; <\/strong><br><strong>Neues aus Astronomie und Raumfahrt <\/strong> <\/figcaption><\/figure>\n<\/div>\n\n\n<p><a href=\"https:\/\/www.br.de\/nachrichten\/nachrichten-aus-dem-all-neues-aus-astronomie-und-raumfahrt,RXzzxGL\" target=\"_blank\" rel=\"noreferrer noopener\" aria-label=\" (\u00f6ffnet in neuem Tab)\">https:\/\/www.br.de\/nachrichten\/nachrichten-aus-dem-all-neues-aus-astronomie-und-raumfahrt,RXzzxGL<\/a><\/p>\n\n\n<div class=\"wp-block-image\">\n<figure class=\"aligncenter\"><a href=\"https:\/\/www.astronomie-nuernberg.de\/\" target=\"_blank\" rel=\"noopener noreferrer\"><img loading=\"lazy\" decoding=\"async\" width=\"400\" height=\"63\" src=\"http:\/\/tobias-mayer-museum.de\/wp-content\/uploads\/2017\/12\/Astronomieportal-N\u00fcrnberg-400x63.jpg\" alt=\"\" class=\"wp-image-564\" srcset=\"https:\/\/tobias-mayer-museum.de\/wp-content\/uploads\/2017\/12\/Astronomieportal-N\u00fcrnberg-400x63.jpg 400w, https:\/\/tobias-mayer-museum.de\/wp-content\/uploads\/2017\/12\/Astronomieportal-N\u00fcrnberg-768x121.jpg 768w, https:\/\/tobias-mayer-museum.de\/wp-content\/uploads\/2017\/12\/Astronomieportal-N\u00fcrnberg.jpg 959w\" sizes=\"auto, (max-width: 400px) 100vw, 400px\" \/><\/a><\/figure>\n<\/div>\n\n\n<p class=\"has-text-align-center\"><a href=\"https:\/\/www.astronomie-nuernberg.de\/\" target=\"_blank\" rel=\"noopener noreferrer\">&nbsp;Astronomieportal N\u00fcrnberg<\/a><\/p>\n\n\n\n<p class=\"has-large-font-size\"><strong>Sonstiges<\/strong><\/p>\n\n\n<div class=\"wp-block-image\">\n<figure class=\"aligncenter\"><a href=\"http:\/\/www-history.mcs.st-andrews.ac.uk\/Biographies\/Mayer_Tobias.html\" target=\"_blank\" rel=\"noopener noreferrer\"><img loading=\"lazy\" decoding=\"async\" width=\"400\" height=\"253\" src=\"http:\/\/tobias-mayer-museum.de\/wp-content\/uploads\/2017\/12\/University-of-St.-Andrews-400x253.jpg\" alt=\"\" class=\"wp-image-566\" srcset=\"https:\/\/tobias-mayer-museum.de\/wp-content\/uploads\/2017\/12\/University-of-St.-Andrews-400x253.jpg 400w, https:\/\/tobias-mayer-museum.de\/wp-content\/uploads\/2017\/12\/University-of-St.-Andrews-768x486.jpg 768w, https:\/\/tobias-mayer-museum.de\/wp-content\/uploads\/2017\/12\/University-of-St.-Andrews.jpg 876w\" sizes=\"auto, (max-width: 400px) 100vw, 400px\" \/><\/a><\/figure>\n<\/div>\n\n\n<p class=\"has-text-align-center\"><a href=\"https:\/\/www.st-andrews.ac.uk\/\" target=\"_blank\" rel=\"noreferrer noopener\">Universit\u00e4t St. Andrews, Schottland (School of Mathematics and Statistics)<\/a><\/p>\n\n\n<div class=\"wp-block-image\">\n<figure class=\"aligncenter\"><a href=\"https:\/\/www.region-stuttgart.de\/index.php?id=382&amp;tx_ttnews[tt_news]=3572\" target=\"_blank\" rel=\"noopener noreferrer\"><img loading=\"lazy\" decoding=\"async\" width=\"400\" height=\"290\" src=\"http:\/\/tobias-mayer-museum.de\/wp-content\/uploads\/2017\/12\/Region-Stuttgart-400x290.jpg\" alt=\"\" class=\"wp-image-568\" srcset=\"https:\/\/tobias-mayer-museum.de\/wp-content\/uploads\/2017\/12\/Region-Stuttgart-400x290.jpg 400w, https:\/\/tobias-mayer-museum.de\/wp-content\/uploads\/2017\/12\/Region-Stuttgart-768x557.jpg 768w, https:\/\/tobias-mayer-museum.de\/wp-content\/uploads\/2017\/12\/Region-Stuttgart.jpg 944w\" sizes=\"auto, (max-width: 400px) 100vw, 400px\" \/><\/a><\/figure>\n<\/div>\n\n\n<p class=\"has-text-align-center\"><a href=\"https:\/\/www.region-stuttgart.de\/index.php?id=382&amp;tx_ttnews[tt_news]=3572\" target=\"_blank\" rel=\"noopener noreferrer\">Wirtschaftsf\u00f6rderung Region Stuttgart GmbH<\/a><\/p>\n\n\n<div class=\"wp-block-image\">\n<figure class=\"aligncenter\"><a href=\"http:\/\/www.statistik-bw.de\/LABI\/LABI.asp?HC=623rPjFDhqv&amp;K4=7&amp;T4=Mayer,+Tobias\" target=\"_blank\" rel=\"noopener noreferrer\"><img loading=\"lazy\" decoding=\"async\" width=\"400\" height=\"131\" src=\"http:\/\/tobias-mayer-museum.de\/wp-content\/uploads\/2017\/12\/Landesbibliothek-Stuttgart-400x131.jpg\" alt=\"\" class=\"wp-image-570\" srcset=\"https:\/\/tobias-mayer-museum.de\/wp-content\/uploads\/2017\/12\/Landesbibliothek-Stuttgart-400x131.jpg 400w, https:\/\/tobias-mayer-museum.de\/wp-content\/uploads\/2017\/12\/Landesbibliothek-Stuttgart-768x251.jpg 768w, https:\/\/tobias-mayer-museum.de\/wp-content\/uploads\/2017\/12\/Landesbibliothek-Stuttgart.jpg 968w\" sizes=\"auto, (max-width: 400px) 100vw, 400px\" \/><\/a><\/figure>\n<\/div>\n\n\n<p><\/p>\n\n\n\n<p class=\"has-text-align-center\"><a href=\"http:\/\/www.statistik-bw.de\/LABI\/LABI.asp?HC=623rPjFDhqv&amp;K4=7&amp;T4=Mayer,+Tobias\" target=\"_blank\" rel=\"noopener noreferrer\">Landesbibliographie Baden-W\u00fcrttemberg <i>online<\/i><\/a><\/p>\n\n\n\n<p class=\"has-medium-font-size\">Albireo-Verlag, K\u00f6ln<\/p>\n\n\n\n<figure class=\"wp-block-image\"><img loading=\"lazy\" decoding=\"async\" width=\"867\" height=\"649\" src=\"https:\/\/tobias-mayer-museum.de\/wp-content\/uploads\/2019\/03\/Albireo-Verlag.jpg\" alt=\"\" class=\"wp-image-3467\" srcset=\"https:\/\/tobias-mayer-museum.de\/wp-content\/uploads\/2019\/03\/Albireo-Verlag.jpg 867w, https:\/\/tobias-mayer-museum.de\/wp-content\/uploads\/2019\/03\/Albireo-Verlag-250x187.jpg 250w, https:\/\/tobias-mayer-museum.de\/wp-content\/uploads\/2019\/03\/Albireo-Verlag-400x299.jpg 400w, https:\/\/tobias-mayer-museum.de\/wp-content\/uploads\/2019\/03\/Albireo-Verlag-768x575.jpg 768w\" sizes=\"auto, (max-width: 867px) 100vw, 867px\" \/><figcaption class=\"wp-element-caption\"><a href=\"https:\/\/albireo-verlag.org\/\" target=\"_blank\" rel=\"noreferrer noopener\" aria-label=\" (\u00f6ffnet in neuem Tab)\">https:\/\/albireo-verlag.org\/<\/a><\/figcaption><\/figure>\n\n\n<p>\n<!--StartFragment--><\/p>\n\n\n<p><strong>Haftung f\u00fcr Links<\/strong><\/p>\n\n\n\n<p>Unser Angebot enth\u00e4lt Links zu externen Websites \nDritter, auf deren Inhalte wir keinen Einfluss haben. Deshalb k\u00f6nnen wir\n f\u00fcr diese fremden Inhalte auch keine Gew\u00e4hr \u00fcbernehmen. F\u00fcr die Inhalte\n der verlinkten Seiten ist stets der jeweilige Anbieter oder Betreiber \nder Seiten verantwortlich. Die verlinkten Seiten wurden zum Zeitpunkt \nder Verlinkung auf m\u00f6gliche Rechtsverst\u00f6\u00dfe \u00fcberpr\u00fcft. Rechtswidrige \nInhalte waren zum Zeitpunkt der Verlinkung nicht erkennbar.<\/p>\n\n\n\n<p>Eine\n permanente inhaltliche Kontrolle der verlinkten Seiten ist jedoch ohne \nkonkrete Anhaltspunkte einer Rechtsverletzung nicht zumutbar. Bei \nBekanntwerden von Rechtsverletzungen werden wir derartige Links umgehend\n entfernen.<\/p>\n\n\n\n<h4 class=\"wp-block-heading\">Urheberrecht<\/h4>\n\n\n\n<p>Die durch die \nSeitenbetreiber erstellten Inhalte und Werke auf diesen Seiten \nunterliegen dem deutschen Urheberrecht. Die Vervielf\u00e4ltigung, \nBearbeitung, Verbreitung und jede Art der Verwertung au\u00dferhalb der \nGrenzen des Urheberrechtes bed\u00fcrfen der schriftlichen Zustimmung des \njeweiligen Autors bzw. Erstellers. Downloads und Kopien dieser Seite \nsind nur f\u00fcr den privaten, nicht kommerziellen Gebrauch gestattet.<\/p>\n\n\n\n<p>Soweit\n die Inhalte auf dieser Seite nicht vom Betreiber erstellt wurden, \nwerden die Urheberrechte Dritter beachtet. Insbesondere werden Inhalte \nDritter als solche gekennzeichnet. Sollten Sie trotzdem auf eine \nUrheberrechtsverletzung aufmerksam werden, bitten wir um einen \nentsprechenden Hinweis. Bei Bekanntwerden von Rechtsverletzungen werden \nwir derartige Inhalte umgehend entfernen.<\/p>\n","protected":false},"excerpt":{"rendered":"<p>Tobias Mayer Classic www.tobias-mayer-classic.de Unsere Kooperationspartner Schillerstadt Marbach Weing\u00e4rtner Marbach Tuk Tuk Tours Marbach Theater unter der Dauseck Tourismusgemeinschaft Marbach Bottwartal Weinwege Wuerttemberg vhs &#8211; Volkshochschule Ludwigsburg Freizeitf\u00fchrer f\u00fcr Gro\u00dfeltern &hellip; <a href=\"https:\/\/tobias-mayer-museum.de\/?page_id=344\" class=\"more-link\"><span>Weiterlesen<span class=\"screen-reader-text\">Kooperationen<\/span><\/span><\/a><\/p>\n","protected":false},"author":1,"featured_media":0,"parent":0,"menu_order":0,"comment_status":"closed","ping_status":"closed","template":"","meta":{"footnotes":""},"class_list":["post-344","page","type-page","status-publish","hentry"],"_links":{"self":[{"href":"https:\/\/tobias-mayer-museum.de\/index.php?rest_route=\/wp\/v2\/pages\/344","targetHints":{"allow":["GET"]}}],"collection":[{"href":"https:\/\/tobias-mayer-museum.de\/index.php?rest_route=\/wp\/v2\/pages"}],"about":[{"href":"https:\/\/tobias-mayer-museum.de\/index.php?rest_route=\/wp\/v2\/types\/page"}],"author":[{"embeddable":true,"href":"https:\/\/tobias-mayer-museum.de\/index.php?rest_route=\/wp\/v2\/users\/1"}],"replies":[{"embeddable":true,"href":"https:\/\/tobias-mayer-museum.de\/index.php?rest_route=%2Fwp%2Fv2%2Fcomments&post=344"}],"version-history":[{"count":70,"href":"https:\/\/tobias-mayer-museum.de\/index.php?rest_route=\/wp\/v2\/pages\/344\/revisions"}],"predecessor-version":[{"id":7632,"href":"https:\/\/tobias-mayer-museum.de\/index.php?rest_route=\/wp\/v2\/pages\/344\/revisions\/7632"}],"wp:attachment":[{"href":"https:\/\/tobias-mayer-museum.de\/index.php?rest_route=%2Fwp%2Fv2%2Fmedia&parent=344"}],"curies":[{"name":"wp","href":"https:\/\/api.w.org\/{rel}","templated":true}]}}