{"id":307,"date":"2017-12-06T22:14:56","date_gmt":"2017-12-06T21:14:56","guid":{"rendered":"http:\/\/tobias-mayer-museum.de\/?page_id=307"},"modified":"2024-03-13T19:12:55","modified_gmt":"2024-03-13T18:12:55","slug":"der-tobias-mayer-verein","status":"publish","type":"page","link":"https:\/\/tobias-mayer-museum.de\/?page_id=307","title":{"rendered":"Der Tobias Mayer Verein"},"content":{"rendered":"\n<p class=\"has-drop-cap\">Das Museum wird ehrenamtlich von Mitgliedern des 1981 gegr\u00fcndeten Tobias  Mayer Vereins betrieben. Der Verein veranstaltet F\u00fchrungen, Ausstellungen, Vortr\u00e4ge, Reisen und gibt eine Schriftenreihe sowie Reprints einiger seiner Karten heraus.<\/p>\n\n\n\n<p>Der Verein erhebt keine Mitgliedsbeitr\u00e4ge, sondern lebt ausschlie\u00dflich von Spenden. Alle Spenden sind steuerlich voll abzugsf\u00e4hig und werden ausschlie\u00dflich zur F\u00f6rderung der Vereinsziele verwendet.<\/p>\n\n\n\n<p>Der Verein hat fast 300 Mitglieder, sie erhalten die einmal im Jahr erscheinenden &#8222;Vereinsnachrichten&#8220; (meist im Rahmen der j\u00e4hrlichen Mitgliederversammlung mit Hinweisen auf Aktivit\u00e4ten, Erwerbungen, Vorhaben, Forschungsergebnisse usw.) sowie Verg\u00fcnstigungen zu&nbsp; den Veranstaltungen des Vereins.<\/p>\n\n\n\n<p><strong>Tobias Mayer Verein<\/strong><\/p>\n\n\n\n<p>Torgasse 13<\/p>\n\n\n\n<p>71672 Marbach \/ Neckar<\/p>\n\n\n\n<p>Tel\/Fax: 07144-8872854<\/p>\n\n\n\n<p><strong>Bankverbindung: KSK-Ludwigsburg<\/strong><\/p>\n\n\n\n<p>IBAN: DE97 6045 0050 0003 0912 43<\/p>\n\n\n\n<p>BIC SOLADES1LBG<\/p>\n\n\n\n<p>E-Mail: <a href=\"mailto:info@tobias-mayer-museum.de\">info@tobias-mayer-museum.de<\/a><\/p>\n","protected":false},"excerpt":{"rendered":"<p>Das Museum wird ehrenamtlich von Mitgliedern des 1981 gegr\u00fcndeten Tobias Mayer Vereins betrieben. Der Verein veranstaltet F\u00fchrungen, Ausstellungen, Vortr\u00e4ge, Reisen und gibt eine Schriftenreihe sowie Reprints einiger seiner Karten heraus. &hellip; <a href=\"https:\/\/tobias-mayer-museum.de\/?page_id=307\" class=\"more-link\"><span>Weiterlesen<span class=\"screen-reader-text\">Der Tobias Mayer Verein<\/span><\/span><\/a><\/p>\n","protected":false},"author":1,"featured_media":0,"parent":0,"menu_order":0,"comment_status":"closed","ping_status":"closed","template":"","meta":{"footnotes":""},"class_list":["post-307","page","type-page","status-publish","hentry"],"_links":{"self":[{"href":"https:\/\/tobias-mayer-museum.de\/index.php?rest_route=\/wp\/v2\/pages\/307","targetHints":{"allow":["GET"]}}],"collection":[{"href":"https:\/\/tobias-mayer-museum.de\/index.php?rest_route=\/wp\/v2\/pages"}],"about":[{"href":"https:\/\/tobias-mayer-museum.de\/index.php?rest_route=\/wp\/v2\/types\/page"}],"author":[{"embeddable":true,"href":"https:\/\/tobias-mayer-museum.de\/index.php?rest_route=\/wp\/v2\/users\/1"}],"replies":[{"embeddable":true,"href":"https:\/\/tobias-mayer-museum.de\/index.php?rest_route=%2Fwp%2Fv2%2Fcomments&post=307"}],"version-history":[{"count":13,"href":"https:\/\/tobias-mayer-museum.de\/index.php?rest_route=\/wp\/v2\/pages\/307\/revisions"}],"predecessor-version":[{"id":6868,"href":"https:\/\/tobias-mayer-museum.de\/index.php?rest_route=\/wp\/v2\/pages\/307\/revisions\/6868"}],"wp:attachment":[{"href":"https:\/\/tobias-mayer-museum.de\/index.php?rest_route=%2Fwp%2Fv2%2Fmedia&parent=307"}],"curies":[{"name":"wp","href":"https:\/\/api.w.org\/{rel}","templated":true}]}}